233
In base 7, what is 1 + -3426?
-3425
In base 13, what is -cb + -3?
-101
In base 2, what is -1000110 + -11?
-1001001
In base 3, what is 1020 + 10?
1100
In base 6, what is -12 - -35?
23
In base 3, what is 0 + -21211022?
-21211022
In base 10, what is 6 + -723?
-717
In base 14, what is 8 - 1d?
-15
In base 14, what is -5 - -7dd?
7d8
In base 7, what is -105 + -233?
-341
In base 12, what is -4 - -11?
9
In base 15, what is 48 + -2a?
1d
In base 4, what is -1020 + -11?
-1031
In base 5, what is -2 - -2021?
2014
In base 7, what is 0 + -65?
-65
In base 12, what is 13 - -243?
256
In base 11, what is 11886 - 1?
11885
In base 9, what is -148 - 10?
-158
In base 3, what is -12 + -20221?
-21010
In base 4, what is 0 - -211?
211
In base 7, what is -3653 - -1?
-3652
In base 11, what is -349 + -4?
-352
In base 15, what is -2e2 + 1?
-2e1
In base 11, what is -3 + 431?
429
In base 16, what is -27 - -b?
-1c
In base 15, what is 1 + 5a?
5b
In base 10, what is 5 - -4?
9
In base 7, what is 6 + -5131?
-5122
In base 5, what is -3 - -124101?
124043
In base 6, what is 5 - 503?
-454
In base 16, what is a9 + 2?
ab
In base 11, what is 1563 + 4?
1567
In base 8, what is 533 + 0?
533
In base 2, what is 10100011010010 - -11?
10100011010101
In base 16, what is -b + -1?
-c
In base 5, what is 0 - -21?
21
In base 7, what is 153 - 46?
104
In base 8, what is -1 + 223?
222
In base 11, what is -119 - -4?
-115
In base 2, what is -110011 - 11010?
-1001101
In base 7, what is -144 + -1?
-145
In base 12, what is 1 + -2676?
-2675
In base 7, what is -10 - 64?
-104
In base 11, what is 202 + -2?
200
In base 4, what is -1 + -103?
-110
In base 11, what is 5 - 133?
-129
In base 4, what is -21 + -11?
-32
In base 8, what is 14 + -1404?
-1370
In base 11, what is 32 + 56?
88
In base 10, what is 140 - 13?
127
In base 6, what is -52 + 105?
13
In base 3, what is 2020 + -2222?
-202
In base 7, what is -2 - -104?
102
In base 9, what is -54 + 5?
-48
In base 7, what is -4 + -3?
-10
In base 8, what is -254 - -3?
-251
In base 6, what is 22514 + -4?
22510
In base 7, what is -3 + 356?
353
In base 3, what is -10020012 + -1?
-10020020
In base 2, what is -1011010111110 + -1?
-1011010111111
In base 14, what is 0 + -31?
-31
In base 8, what is 6 - 110?
-102
In base 9, what is -465 + -35?
-511
In base 11, what is -45 - -35?
-10
In base 12, what is 40 - 263?
-223
In base 16, what is -4 + -54?
-58
In base 12, what is -1199 - -1?
-1198
In base 5, what is 42 - 2012?
-1420
In base 5, what is 12 + -122?
-110
In base 5, what is -31 + 4?
-22
In base 12, what is 8 + -185?
-179
In base 8, what is 54 + -12?
42
In base 14, what is 21 + -4?
1b
In base 3, what is -11 - -22202?
22121
In base 9, what is -3 + -3?
-6
In base 14, what is -216 - -b?
-209
In base 11, what is 0 + -82?
-82
In base 10, what is 135 + -22?
113
In base 11, what is 579 + -a?
56a
In base 7, what is 644 - -16?
663
In base 7, what is -1 + 466?
465
In base 5, what is -3334 - 1?
-3340
In base 14, what is 6 + -120?
-118
In base 5, what is -3 + 134200?
134142
In base 7, what is -215 - 55?
-303
In base 3, what is -202 - -122?
-10
In base 14, what is 3 + 39?
3c
In base 6, what is -4 - 40442?
-40450
In base 5, what is 140100 - 1?
140044
In base 5, what is -3 + 330?
322
In base 6, what is -3 + 505?
502
In base 5, what is -13330 - -2?
-13323
In base 2, what is 100011 - 10011111?
-1111100
In base 12, what is -2 + 149?
147
In base 7, what is 2424 + 2?
2426
In base 10, what is 72 - 1?
71
In base 2, what is -1001 - 1000001?
-1001010
In base 10, what is 22 - -72?
94
In base 3, what is 101 - 1102?
-1001
In base 7, what is 2 + 11?
13
In base 7, what is -121 - 14?
-135
In base 6, what is 1334 + 3?
1341
In base 10, what is -37 + -139?
-176
In base 16, what is -2 - -202?
200
In base 2, what is -10 + -10000001011110?
-10000001100000
In base 6, what is -4 - -210?
202
In base 5, what is -1343 - 0?
-1343
In base 12, what is 1826 + 4?
182a
In base 15, what is -1 - -4d0?
4ce
In base 14, what is 5 + 18a?
191
In base 6, what is -144 + -3?
-151
In base 11, what is 6 - -9a?
a5
In base 3, what is -2 + 11211222?
11211220
In base 6, what is 22 + -302?
-240
In base 6, what is 24 - -1024?
1052
In base 10, what is -3826 - 1?
-3827
In base 10, what is 1312 + 0?
1312
In base 5, what is 23 - 334?
-311
In base 13, what is 110b + 4?
1112
In base 16, what is 190 - -2?
192
In base 5, what is -13133 - -10?
-13123
In base 3, what is -210 + 100120?
22210
In base 10, what is 1 + -75?
-74
In base 13, what is 2 + 13?
15
In base 12, what is 4 - -23?
27
In base 3, what is 22010201 + 11?
22010212
In base 2, what is 10100 - 101110?
-11010
In base 16, what is -11 - -6?
-b
In base 4, what is 11 - -311212?
311223
In base 14, what is -13 - -7?
-a
In base 2, what is 10 + -11111011?
-11111001
In base 2, what is 10001 - 1101?
100
In base 4, what is -33301 - -11?
-33230
In base 5, what is 1031 - 21?
1010
In base 4, what is 21 - 112?
-31
In base 3, what is 112 + 11?
200
In base 8, what is -5 + 202?
175
In base 12, what is -1 - 124?
-125
In base 11, what is -2 + 624?
622
In base 8, what is -4 - -1440?
1434
In base 3, what is -211 + -11?
-222
In base 5, what is 1 - -100?
101
In base 8, what is 22126 - -4?
22132
In base 2, what is -111 + 1010?
11
In base 13, what is 71 + -3?
6b
In base 5, what is -201 + -40?
-241
In base 6, what is -2 - 3353?
-3355
In base 12, what is -1670 - 1?
-1671
In base 3, what is -1121 - 111?
-2002
In base 14, what is 84 + 3?
87
In base 16, what is -1470 - -1?
-146f
In base 4, what is -20 - -12130?
12110
In base 2, what is 1 + -10001101011?
-10001101010
In base 11, what is -4 - -1304?
1300
In base 13, what is 20 + 1?
21
In base 2, what is 100000011010 + -10?
100000011000
In base 9, what is 178 + 1?
180
In base 5, what is -21 - 320?
-341
In base 6, what is 3 - -3005?
3012
In base 4, what is -1011 + -10?
-1021
In base 10, what is 51 + 4?
55
In base 5, what is -200 + 10?
-140
In base 5, what is 23 + 224?
302
In base 10, what is -3 + -244?
-247
In base 2, what is 10011110001110 - -100?
10011110010010
In base 8, what is -1 - 132?
-133
In base 15, what is -3a - e?
-49
In base 8, what is 0 - 11?
-11
In base 2, what is -10 - -101011001?
101010111
In base 10, what is 24 + 5?
29
In base 5, what is -13 - 20?
-33
In base 10, what is 113 + 0?
113
In base 13, what is 4 + 1a?
21
In base 12, what is 1274 - 2?
1272
In base 15, what is 1 - -45d?
45e
In base 16, what is -25 + 31?
c
In base 8, what is 13 + -211?
-176
In base 15, what is -17c + -3?
-180
In base 5, what is 232 - -24?
311
In base 8, what is 1003 - -1?
1004
In base 12, what is -4 + -1b2?
-1b6
In base 15, what is -2 + -24?
-26
In base 8, what is -62 - 7?
-71
In base 14, what is -5 + 263d?
2638
In base 12, what is 3 - 246?
-243
In base 4, what is -30 + -210?
-300
In base 9, what is -712 + 20?
-682
In base 8, what is -1504 + 2?
-1502
In base 10, what is -146 - 134?
-280
In base 2, what is 111110101100 + -11?
111110101001
In base 10, what is -1462 + -5?
-1467
In base 4, what is -302 + -11?
-313
In base 4, what is 302 - -2?
310
In base 13, what is -4 + -780?
-784
In base 15, what is -4e - 2?
-51
In base 10, what is 6 + -14?
-8
In base 9, what is -4 + 7?
3
In base 6, what is 12255 + 3?
12302
In base 10, what is 0 + 351?
351
In base 2, what is -1 - 11011?
-11100
In base 8, what is -111 + 5?
-104
In base 8, what is -2 - 22?
-24
In base 13, what is 12 + 7?
19
In base 4, what is -13201313 - -1?
-13201312
In base 16, what is -2f20 - 2?
-2f22
In base 9, what is 0 + -106?
-106
In base 8, what is -13 + -5?
-20
In base 2, what is 10 - -1000011110?
1000100000
In base 16, what is -3 - -30?
2d
In base 4, what is -2201 - -212?
-1323
In base 13, what is 11c3 - 4?
11bc
In base 12, what is 297 - -1?
298
In base 13, what is -766 - -b?
-758
In base 3, what is 1 - -1000?
1001
In base 4, what is 1021 - -1?
1022
In base 15, what is -3d + 17?
-26
In base 13, what is -2 - -9?
7
In base 15, what is 1 - 4ba?
-4b9
In base 13, what is 3 + 28?
2b
In base 15, what is 74 + -2?
72
In base 5, what is -23 + -4?
-32
In base 7, what is 0 + -1633?
-1633
In base 11, what is -40 - -136?
a6
In base 10, what is 46 + 1?
47
In base 12, what is -9 + 546?
539
In base 11, what is -35 - 25?
-5a
In base 12, what is 6982 - -2?
6984
In base 3, what is -10022 - -12?
-10010
In base 6, what is 4 - -153?
201
In base 12,